{"id":41,"date":"2022-05-16T14:00:00","date_gmt":"2022-05-16T12:00:00","guid":{"rendered":"http:\/\/themes.getmotopress.com\/oceanica\/?page_id=41"},"modified":"2022-07-18T13:40:36","modified_gmt":"2022-07-18T11:40:36","slug":"services","status":"publish","type":"page","link":"https:\/\/hotelelais.com\/elais\/?page_id=41","title":{"rendered":"Hotel Services"},"content":{"rendered":"<div class=\"mphb_sc_services-wrapper \"><div class=\"mphb-service post-221 mphb_room_service type-mphb_room_service status-publish mphb-service-free\">\r\n\r\n\t\r\n\r\n\r\n\r\n<h2 class=\"mphb-service-title\">\r\n<a href=\"https:\/\/hotelelais.com\/elais\/?mphb_room_service=swimming-pool\">Swimming Pool<\/a>\r\n<\/h2>\r\n\r\n<p>You will enjoy a moment of relaxation around our semi-Olympic swimming pool, with overflow, equipped with a powerful and modern system of filtration, guaranteeing a healthy and crystalline water. Located in the heart of the parcel, in a beautiful park, it is surrounded by nice and comfortable straw huts where you can relax with friends &hellip; <a href=\"https:\/\/hotelelais.com\/elais\/?mphb_room_service=swimming-pool\" class=\"more-link\">Continue reading<span class=\"screen-reader-text\"> &#8220;Swimming Pool&#8221;<\/span><\/a><\/p>\n\r\n\r\n<p class=\"mphb-price-wrapper\"><strong>Price:<\/strong>\r\n<span class=\"mphb-price mphb-price-free\">Free<\/span>\r\n<\/p>\r\n<\/div><div class=\"mphb-service post-222 mphb_room_service type-mphb_room_service status-publish mphb-service-free\">\r\n\r\n\t\r\n\r\n\r\n\r\n<h2 class=\"mphb-service-title\">\r\n<a href=\"https:\/\/hotelelais.com\/elais\/?mphb_room_service=fitness-center\">Fitness Center<\/a>\r\n<\/h2>\r\n\r\n<p>Do you want to unwind after a working day? Our facilities include four tennis courts, two covered and air-conditioned squash courts, a multipurpose sports court (basketball, volleyball) and a gym. Sports activities such as aqua gym, taekwondo, boxing, karate, rollers and dance are offered. You can order this service on booking confirmation page.<\/p>\n\r\n\r\n<p class=\"mphb-price-wrapper\"><strong>Price:<\/strong>\r\n<span class=\"mphb-price mphb-price-free\">Free<\/span>\r\n<\/p>\r\n<\/div><div class=\"mphb-service post-225 mphb_room_service type-mphb_room_service status-publish mphb-service-free\">\r\n\r\n\t\r\n\r\n\r\n\r\n<h2 class=\"mphb-service-title\">\r\n<a href=\"https:\/\/hotelelais.com\/elais\/?mphb_room_service=parking-zone\">Parking Zone<\/a>\r\n<\/h2>\r\n\r\n<p>It&#8217;s pretty quick and easy to get your vehicle into the parking zone. We provide you with much more safe space, so we are sure your stay is protected on all levels so you can safely leave your vehicle in our 70-places secured car park. This service is available to all hotel residents<\/p>\n\r\n\r\n<p class=\"mphb-price-wrapper\"><strong>Price:<\/strong>\r\n<span class=\"mphb-price mphb-price-free\">Free<\/span>\r\n<\/p>\r\n<\/div><div class=\"mphb-service post-777 mphb_room_service type-mphb_room_service status-publish mphb-service-pay-per-night\">\r\n\r\n\t\r\n\r\n\r\n\r\n<h2 class=\"mphb-service-title\">\r\n<a href=\"https:\/\/hotelelais.com\/elais\/?mphb_room_service=meeting-rooms\">Meeting Rooms<\/a>\r\n<\/h2>\r\n\r\n<p>A meeting to schedule? Our 120, 50 and 20-seat air-conditioned meeting rooms and banquet halls, are fully equipped and have internet connections. Our catering service is at your disposal to ensure that your meetings are perfect from breakfast to dinner, including a snack, a coffee break or a cocktail. Prices start from: $250 max. 20 &hellip; <a href=\"https:\/\/hotelelais.com\/elais\/?mphb_room_service=meeting-rooms\" class=\"more-link\">Continue reading<span class=\"screen-reader-text\"> &#8220;Meeting Rooms&#8221;<\/span><\/a><\/p>\n\r\n\r\n<p class=\"mphb-price-wrapper\"><strong>Price:<\/strong>\r\n<span class=\"mphb-price\"><span class=\"mphb-currency\">&#36;<\/span>250<\/span> \/ Per Day \/ Per Accommodation\r\n<\/p>\r\n<\/div><div class=\"mphb-service post-778 mphb_room_service type-mphb_room_service status-publish mphb-service-pay-per-adult mphb-service-pay-per-night\">\r\n\r\n\t\r\n\r\n\r\n\r\n<h2 class=\"mphb-service-title\">\r\n<a href=\"https:\/\/hotelelais.com\/elais\/?mphb_room_service=banquet-catering\">Banquet &#038; Catering<\/a>\r\n<\/h2>\r\n\r\n<p>Our catering service, can also organize at the place of your choice, your receptions, cocktails, seminars, weddings, or simply a home meal with seriousness and professionalism. You can order this service on booking confirmation page. Prices start at $30<\/p>\n\r\n\r\n<p class=\"mphb-price-wrapper\"><strong>Price:<\/strong>\r\n<span class=\"mphb-price\"><span class=\"mphb-currency\">&#36;<\/span>30<\/span> \/ Per Day \/ Per Guest\r\n<\/p>\r\n<\/div><div class=\"mphb-service post-1111 mphb_room_service type-mphb_room_service status-publish mphb-service-pay-per-adult mphb-service-pay-per-night\">\r\n\r\n\t\r\n\r\n\r\n\r\n<h2 class=\"mphb-service-title\">\r\n<a href=\"https:\/\/hotelelais.com\/elais\/?mphb_room_service=banquet-et-restauration&#038;lang=fr\">Banquet et restauration<\/a>\r\n<\/h2>\r\n\r\n<p>Notre service traiteur peut \u00e9galement organiser sur le lieu de votre choix, vos r\u00e9ceptions, cocktails, s\u00e9minaires, mariages, ou tout simplement un repas \u00e0 domicile avec s\u00e9rieux et professionnalisme. Vous pouvez commander ce service sur la page de confirmation de r\u00e9servation. Les prix commencent \u00e0 30 $<\/p>\n\r\n\r\n<p class=\"mphb-price-wrapper\"><strong>Price:<\/strong>\r\n<span class=\"mphb-price\"><span class=\"mphb-currency\">&#36;<\/span>30<\/span> \/ Per Day \/ Per Guest\r\n<\/p>\r\n<\/div><div class=\"mphb-service post-1112 mphb_room_service type-mphb_room_service status-publish mphb-service-pay-per-night\">\r\n\r\n\t\r\n\r\n\r\n\r\n<h2 class=\"mphb-service-title\">\r\n<a href=\"https:\/\/hotelelais.com\/elais\/?mphb_room_service=salles-de-reunions&#038;lang=fr\">Salles de r\u00e9unions<\/a>\r\n<\/h2>\r\n\r\n<p>Une r\u00e9union \u00e0 programmer ? Nos salles de r\u00e9union et de banquet climatis\u00e9es de 120, 50 et 20 places sont enti\u00e8rement \u00e9quip\u00e9es et disposent de connexions Internet. Notre service traiteur est \u00e0 votre disposition pour que vos r\u00e9unions soient parfaites du petit-d\u00e9jeuner au d\u00eener, en passant par un go\u00fbter, une pause-caf\u00e9 ou un cocktail. Les &hellip; <a href=\"https:\/\/hotelelais.com\/elais\/?mphb_room_service=salles-de-reunions&#038;lang=fr\" class=\"more-link\">Continue reading<span class=\"screen-reader-text\"> &#8220;Salles de r\u00e9unions&#8221;<\/span><\/a><\/p>\n\r\n\r\n<p class=\"mphb-price-wrapper\"><strong>Price:<\/strong>\r\n<span class=\"mphb-price\"><span class=\"mphb-currency\">&#36;<\/span>250<\/span> \/ Per Day \/ Per Accommodation\r\n<\/p>\r\n<\/div><div class=\"mphb-service post-1113 mphb_room_service type-mphb_room_service status-publish mphb-service-free\">\r\n\r\n\t\r\n\r\n\r\n\r\n<h2 class=\"mphb-service-title\">\r\n<a href=\"https:\/\/hotelelais.com\/elais\/?mphb_room_service=zone-de-stationnement&#038;lang=fr\">Zone de stationnement<\/a>\r\n<\/h2>\r\n\r\n<p>Il est assez rapide et facile de mettre votre v\u00e9hicule dans la zone de stationnement. Nous mettons \u00e0 votre disposition un espace s\u00e9curis\u00e9, nous sommes donc s\u00fbrs que votre s\u00e9jour sera prot\u00e9g\u00e9 \u00e0 tous les niveaux afin que vous puissiez laisser votre v\u00e9hicule en toute s\u00e9curit\u00e9 dans notre parking de 70 places. Ce service est &hellip; <a href=\"https:\/\/hotelelais.com\/elais\/?mphb_room_service=zone-de-stationnement&#038;lang=fr\" class=\"more-link\">Continue reading<span class=\"screen-reader-text\"> &#8220;Zone de stationnement&#8221;<\/span><\/a><\/p>\n\r\n\r\n<p class=\"mphb-price-wrapper\"><strong>Price:<\/strong>\r\n<span class=\"mphb-price mphb-price-free\">Free<\/span>\r\n<\/p>\r\n<\/div><div class=\"mphb-service post-1114 mphb_room_service type-mphb_room_service status-publish mphb-service-free\">\r\n\r\n\t\r\n\r\n\r\n\r\n<h2 class=\"mphb-service-title\">\r\n<a href=\"https:\/\/hotelelais.com\/elais\/?mphb_room_service=centre-fitness&#038;lang=fr\">Centre Fitness<\/a>\r\n<\/h2>\r\n\r\n<p>Envie de vous d\u00e9tendre apr\u00e8s une journ\u00e9e de travail ? Nos installations comprennent quatre courts de tennis, deux courts de squash couverts et climatis\u00e9s, un terrain multisports (basket, volley) et une salle de fitness. Des activit\u00e9s sportives comme l&#8217;aquagym, le taekwondo, la boxe, le karat\u00e9, le roller et la danse sont propos\u00e9es. Vous pouvez commander &hellip; <a href=\"https:\/\/hotelelais.com\/elais\/?mphb_room_service=centre-fitness&#038;lang=fr\" class=\"more-link\">Continue reading<span class=\"screen-reader-text\"> &#8220;Centre Fitness&#8221;<\/span><\/a><\/p>\n\r\n\r\n<p class=\"mphb-price-wrapper\"><strong>Price:<\/strong>\r\n<span class=\"mphb-price mphb-price-free\">Free<\/span>\r\n<\/p>\r\n<\/div><div class=\"mphb-service post-1115 mphb_room_service type-mphb_room_service status-publish mphb-service-free\">\r\n\r\n\t\r\n\r\n\r\n\r\n<h2 class=\"mphb-service-title\">\r\n<a href=\"https:\/\/hotelelais.com\/elais\/?mphb_room_service=piscine&#038;lang=fr\">Piscine<\/a>\r\n<\/h2>\r\n\r\n<p>Vous profiterez d&#8217;un moment de d\u00e9tente autour de notre piscine semi-olympique, \u00e0 d\u00e9bordement, \u00e9quip\u00e9e d&#8217;un syst\u00e8me de filtration performant et moderne, garantissant une eau saine et cristalline. Situ\u00e9 au coeur de la parcelle, dans un magnifique parc, elle est entour\u00e9 de paillotes agr\u00e9ables et confortables o\u00f9 vous pourrez vous d\u00e9tendre entre amis ou en famille. &hellip; <a href=\"https:\/\/hotelelais.com\/elais\/?mphb_room_service=piscine&#038;lang=fr\" class=\"more-link\">Continue reading<span class=\"screen-reader-text\"> &#8220;Piscine&#8221;<\/span><\/a><\/p>\n\r\n\r\n<p class=\"mphb-price-wrapper\"><strong>Price:<\/strong>\r\n<span class=\"mphb-price mphb-price-free\">Free<\/span>\r\n<\/p>\r\n<\/div><\/div>\n","protected":false},"excerpt":{"rendered":"<p>Any service to your liking. You can pre-order it when booking a room<\/p>\n","protected":false},"author":1,"featured_media":936,"parent":16,"menu_order":0,"comment_status":"closed","ping_status":"closed","template":"","meta":[],"_links":{"self":[{"href":"https:\/\/hotelelais.com\/elais\/index.php?rest_route=\/wp\/v2\/pages\/41"}],"collection":[{"href":"https:\/\/hotelelais.com\/elais\/index.php?rest_route=\/wp\/v2\/pages"}],"about":[{"href":"https:\/\/hotelelais.com\/elais\/index.php?rest_route=\/wp\/v2\/types\/page"}],"author":[{"embeddable":true,"href":"https:\/\/hotelelais.com\/elais\/index.php?rest_route=\/wp\/v2\/users\/1"}],"replies":[{"embeddable":true,"href":"https:\/\/hotelelais.com\/elais\/index.php?rest_route=%2Fwp%2Fv2%2Fcomments&post=41"}],"version-history":[{"count":1,"href":"https:\/\/hotelelais.com\/elais\/index.php?rest_route=\/wp\/v2\/pages\/41\/revisions"}],"predecessor-version":[{"id":937,"href":"https:\/\/hotelelais.com\/elais\/index.php?rest_route=\/wp\/v2\/pages\/41\/revisions\/937"}],"up":[{"embeddable":true,"href":"https:\/\/hotelelais.com\/elais\/index.php?rest_route=\/wp\/v2\/pages\/16"}],"wp:featuredmedia":[{"embeddable":true,"href":"https:\/\/hotelelais.com\/elais\/index.php?rest_route=\/wp\/v2\/media\/936"}],"wp:attachment":[{"href":"https:\/\/hotelelais.com\/elais\/index.php?rest_route=%2Fwp%2Fv2%2Fmedia&parent=41"}],"curies":[{"name":"wp","href":"https:\/\/api.w.org\/{rel}","templated":true}]}}