{"id":1077,"date":"2022-07-18T13:26:05","date_gmt":"2022-07-18T11:26:05","guid":{"rendered":"https:\/\/www.hotelelais.com\/elais\/?page_id=1077"},"modified":"2022-07-18T13:26:06","modified_gmt":"2022-07-18T11:26:06","slug":"activites","status":"publish","type":"page","link":"https:\/\/hotelelais.com\/elais\/?page_id=1077&lang=fr","title":{"rendered":"Activit\u00e9s"},"content":{"rendered":"\n<p>Nous connaissons tous vos souhaits et voulons vous servir au mieux \u00e0 l&#8217;H\u00f4tel Elais ! C&#8217;est pourquoi vous pouvez participer \u00e0 n&#8217;importe quelle activit\u00e9 et vivre des moments inoubliables.<\/p>\n","protected":false},"excerpt":{"rendered":"<p>Nous connaissons tous vos souhaits et voulons vous servir au mieux \u00e0 l&#8217;H\u00f4tel Elais ! C&#8217;est pourquoi vous pouvez participer \u00e0 n&#8217;importe quelle activit\u00e9 et vivre des moments inoubliables.<\/p>\n","protected":false},"author":1,"featured_media":1008,"parent":1029,"menu_order":0,"comment_status":"open","ping_status":"closed","template":"template-full-width-grid-page.php","meta":[],"_links":{"self":[{"href":"https:\/\/hotelelais.com\/elais\/index.php?rest_route=\/wp\/v2\/pages\/1077"}],"collection":[{"href":"https:\/\/hotelelais.com\/elais\/index.php?rest_route=\/wp\/v2\/pages"}],"about":[{"href":"https:\/\/hotelelais.com\/elais\/index.php?rest_route=\/wp\/v2\/types\/page"}],"author":[{"embeddable":true,"href":"https:\/\/hotelelais.com\/elais\/index.php?rest_route=\/wp\/v2\/users\/1"}],"replies":[{"embeddable":true,"href":"https:\/\/hotelelais.com\/elais\/index.php?rest_route=%2Fwp%2Fv2%2Fcomments&post=1077"}],"version-history":[{"count":1,"href":"https:\/\/hotelelais.com\/elais\/index.php?rest_route=\/wp\/v2\/pages\/1077\/revisions"}],"predecessor-version":[{"id":1078,"href":"https:\/\/hotelelais.com\/elais\/index.php?rest_route=\/wp\/v2\/pages\/1077\/revisions\/1078"}],"up":[{"embeddable":true,"href":"https:\/\/hotelelais.com\/elais\/index.php?rest_route=\/wp\/v2\/pages\/1029"}],"wp:featuredmedia":[{"embeddable":true,"href":"https:\/\/hotelelais.com\/elais\/index.php?rest_route=\/wp\/v2\/media\/1008"}],"wp:attachment":[{"href":"https:\/\/hotelelais.com\/elais\/index.php?rest_route=%2Fwp%2Fv2%2Fmedia&parent=1077"}],"curies":[{"name":"wp","href":"https:\/\/api.w.org\/{rel}","templated":true}]}}