{"id":1050,"date":"2022-07-18T12:17:12","date_gmt":"2022-07-18T10:17:12","guid":{"rendered":"https:\/\/www.hotelelais.com\/elais\/?page_id=1050"},"modified":"2022-07-18T12:17:13","modified_gmt":"2022-07-18T10:17:13","slug":"reservation-en-ligne","status":"publish","type":"page","link":"https:\/\/hotelelais.com\/elais\/?page_id=1050&lang=fr","title":{"rendered":"R\u00e9servation en ligne"},"content":{"rendered":"\n<p>Pr\u00e9cisez vos dates d&#8217;arriv\u00e9e et de d\u00e9part et le nombre de personnes &#8211; trouvez le meilleur tarif de chambre et r\u00e9servez-le en ligne facilement.<br><div class=\"mphb_sc_search-wrapper \"><form method=\"GET\" class=\"mphb_sc_search-form\" action=\"https:\/\/hotelelais.com\/elais\/?page_id=59\">\r\n\r\n\t<input type=\"hidden\" name=\"page_id\" value=\"59\" \/><p class = \"mphb-required-fields-tip\">\r\n\t<small>\r\n\t\tRequired fields are followed by\t\t<abbr title=\"required\">*<\/abbr>\r\n\t<\/small>\r\n<\/p>\r\n\t<p class=\"mphb_sc_search-check-in-date\">\r\n\t\t<label for=\"mphb_check_in_date-mphb-search-form-69f61da52eb25\">\r\n\t\t\tCheck-in\t\t\t<abbr title=\"Formatted as dd\/mm\/yyyy\">*<\/abbr>\r\n\t\t<\/label>\r\n\t\t<br \/>\r\n\t\t<input\r\n\t\t\tid=\"mphb_check_in_date-mphb-search-form-69f61da52eb25\"\r\n\t\t\tdata-datepick-group=\"mphb-search-form-69f61da52eb25\"\r\n\t\t\tvalue=\"\"\r\n\t\t\tplaceholder=\"Check-in Date\"\r\n\t\t\trequired=\"required\"\r\n\t\t\ttype=\"text\"\r\n\t\t\tname=\"mphb_check_in_date\"\r\n\t\t\tclass=\"mphb-datepick\"\r\n\t\t\tautocomplete=\"off\"\r\n\t\t\t\/>\r\n\t<\/p>\r\n\r\n\t<p class=\"mphb_sc_search-check-out-date\">\r\n\t\t<label for=\"mphb_check_out_date-mphb-search-form-69f61da52eb25\">\r\n\t\t\tCheck-out\t\t\t<abbr title=\"Formatted as dd\/mm\/yyyy\">*<\/abbr>\r\n\t\t<\/label>\r\n\t\t<br \/>\r\n\t\t<input\r\n\t\t\tid=\"mphb_check_out_date-mphb-search-form-69f61da52eb25\"\r\n\t\t\tdata-datepick-group=\"mphb-search-form-69f61da52eb25\"\r\n\t\t\tvalue=\"\"\r\n\t\t\tplaceholder=\"Check-out Date\"\r\n\t\t\trequired=\"required\"\r\n\t\t\ttype=\"text\"\r\n\t\t\tname=\"mphb_check_out_date\"\r\n\t\t\tclass=\"mphb-datepick\"\r\n\t\t\tautocomplete=\"off\"\r\n\t\t\t\/>\r\n\t<\/p>\r\n\r\n\t\t\t<input type=\"hidden\" id=\"mphb_adults-mphb-search-form-69f61da52eb25\" name=\"mphb_adults\" value=\"1\" \/>\r\n\t\r\n\t\t\t<input type=\"hidden\" id=\"mphb_children-mphb-search-form-69f61da52eb25\" name=\"mphb_children\" value=\"0\" \/>\r\n\t\r\n\t\r\n\t\r\n\t<input id=\"mphb_check_in_date-mphb-search-form-69f61da52eb25-hidden\" value=\"\" type=\"hidden\" name=\"mphb_check_in_date\" \/><input id=\"mphb_check_out_date-mphb-search-form-69f61da52eb25-hidden\" value=\"\" type=\"hidden\" name=\"mphb_check_out_date\" \/>\r\n\t<p class=\"mphb_sc_search-submit-button-wrapper\">\r\n\t\t<input type=\"submit\" class=\"button\" value=\"Search\"\/>\r\n\t<\/p>\r\n\r\n\t\r\n<\/form><\/div><\/p>\n","protected":false},"excerpt":{"rendered":"<p>LA R\u00c9SERVATION EN LIGNE \u00c0 L&#8217;H\u00d4TEL ELAIS EST SIMPLE ET RAPIDE<\/p>\n","protected":false},"author":1,"featured_media":0,"parent":0,"menu_order":0,"comment_status":"closed","ping_status":"closed","template":"template-full-width-page.php","meta":[],"_links":{"self":[{"href":"https:\/\/hotelelais.com\/elais\/index.php?rest_route=\/wp\/v2\/pages\/1050"}],"collection":[{"href":"https:\/\/hotelelais.com\/elais\/index.php?rest_route=\/wp\/v2\/pages"}],"about":[{"href":"https:\/\/hotelelais.com\/elais\/index.php?rest_route=\/wp\/v2\/types\/page"}],"author":[{"embeddable":true,"href":"https:\/\/hotelelais.com\/elais\/index.php?rest_route=\/wp\/v2\/users\/1"}],"replies":[{"embeddable":true,"href":"https:\/\/hotelelais.com\/elais\/index.php?rest_route=%2Fwp%2Fv2%2Fcomments&post=1050"}],"version-history":[{"count":1,"href":"https:\/\/hotelelais.com\/elais\/index.php?rest_route=\/wp\/v2\/pages\/1050\/revisions"}],"predecessor-version":[{"id":1051,"href":"https:\/\/hotelelais.com\/elais\/index.php?rest_route=\/wp\/v2\/pages\/1050\/revisions\/1051"}],"wp:attachment":[{"href":"https:\/\/hotelelais.com\/elais\/index.php?rest_route=%2Fwp%2Fv2%2Fmedia&parent=1050"}],"curies":[{"name":"wp","href":"https:\/\/api.w.org\/{rel}","templated":true}]}}